f -r**6/120 - 17*r**5/60 - 5*r**4/24 - 5*r**3/2 - 9*r**2. What is the tens digit of j(-17)?
7
Suppose 3*k - 4054 = -5*b, 4*b = b - k + 2434. What is the hundreds digit of b?
8
Let j = 0 - 8. Let q = j + 10. Suppose -3 - 31 = -q*b. What is the units digit of b?
7
Let c(v) = -v**3 - 12*v**2 + 11*v + 11. Suppose -4*j + 19 + 97 = 0. Let o = 16 - j. What is the tens digit of c(o)?
3
Suppose 2*p + 0*b = -4*b + 316, 2*b + 346 = 2*p. What is the units digit of (p/(-30))/(-2 - 56/(-30))?
2
Let j(d) = 5*d + 11. Let i = -10 - -45. Suppose 3*v = -2*v + i. What is the tens digit of j(v)?
4
Let p be 4*-1 - (0 - 3). Let m(j) = -1 + 34*j**2 - 3*j**2 + 0 - 2*j. What is the units digit of m(p)?
2
Suppose 8*k - 2*k = -30. What is the tens digit of -3 - (k - -4) - -37?
3
Suppose 5*p - 17 - 3 = 0. Let s(a) = -2*a + 5. Let r be s(p). What is the units digit of (r + 1)*46/(-4)?
3
Let z = -1150 + 3367. What is the hundreds digit of z?
2
What is the units digit of ((-1758)/9)/((-8)/12)?
3
Suppose 0 = -4*r + 5*k + 65, 5*r - 3*k - 44 = 47. Let a = 54 - 26. Let p = a - r. What is the units digit of p?
8
Suppose 0 = 3*n - 2*o - 65, -3*n - 3*o = 7 - 97. Let g = n - 14. Suppose 62 = 3*c + j, -c + g = -j - 7. What is the units digit of c?
0
Let v = 7347 - 4178. What is the thousands digit of v?
3
Suppose -4*p + 59 = -k + 18, 2*p - 52 = 2*k. Let s = -45 - k. What is the units digit of s/(-14) - (-14)/49?
2
Suppose -10*r - 468 = -6788. What is the tens digit of r?
3
Let c(w) = 2*w**3 - 5*w**2 - 4*w + 3. Let a be c(3). Suppose 4*u - 255 - 453 = b, a = -4*b. What is the tens digit of u?
7
Let v be -64*(-4 - (-57)/12). What is the units digit of (8/(v/51))/((-1)/14)?
9
Let y = 6 + -7. Let h be 6 + -2 + 2/y. What is the units digit of (h/(-5))/(1/(-5))?
2
Let w = 224 + -107. What is the hundreds digit of w?
1
Suppose 2*j + 4*n - 10 = 0, -j + 0*j = -n + 1. What is the tens digit of (402/4 - 3/2)*j?
9
Let o = -334 - -604. What is the tens digit of o?
7
Let h be (-4)/(-18) - 774/(-162). Suppose 0 = -h*y + y + 164. What is the tens digit of y?
4
Let x(t) = -2*t**3 - 22*t**2 - 72*t + 5. What is the hundreds digit of x(-12)?
1
Let k be 1 - (93/6 + 7/(-14)). What is the tens digit of (-22762)/(-133) + (-2)/k*-1?
7
Suppose -2*l + 386 + 12 = -4*h, -4*l - 3*h = -774. What is the units digit of l?
5
Suppose 0 = 3*w - 5 - 1. Suppose 0 = w*c - 430 + 12. What is the tens digit of c?
0
Suppose b - 7*b = -234. Let s = b + 66. What is the hundreds digit of s?
1
Let j(m) = -202*m - 203. What is the units digit of j(-6)?
9
Let q = 2357 + -1110. What is the hundreds digit of q?
2
Suppose 23 = -4*t + 483. What is the tens digit of t?
1
Let k(j) = -4*j**3 + 3*j. Let o(l) = l**3 - 1. Let q(y) = -k(y) - 2*o(y). Let v be q(2). What is the units digit of (v/10)/(18/60)?
4
Let p(z) = 3*z - 4. Let n be p(2). Suppose -2*m = 3*m - 5*y - 100, -n*m = -3*y - 38. What is the units digit of m?
2
Suppose -o = -0*o - 4. Suppose v = -4 - o. What is the tens digit of (5 - -1)/((-3)/v)?
1
Suppose -3*s + 4*v + 172 = -0*v, -5*v = 2*s - 107. Suppose -12 - s = -4*g. What is the tens digit of g?
1
Let z be 144/5 + 32/(-40). Suppose -2*s = -5*x - 28, -z = x + x - 5*s. What is the units digit of 3*x/(-12) + 37?
8
Let d(w) = 4*w - 19. Let a be d(8). Suppose a = 6*y - 17. Let g = y + 55. What is the tens digit of g?
6
Let l(m) = m**3 + 6*m**2 + 5*m - 3. Let c be l(-5). Let k be (-2 + c + -36)*-1. Let n = k - 18. What is the tens digit of n?
2
Suppose 2 + 10 = -3*o, 2 = 2*q + o. Suppose -2*p = l - 9, 3*p + p - 3*l = q. Suppose p*n = 85 - 7. What is the tens digit of n?
2
Let c(u) = -17*u + 1. Let f(b) = -35*b + 2. Let z(i) = -13*c(i) + 6*f(i). What is the units digit of z(3)?
2
Let y(b) = 4 - 7*b - 4 + 16*b - 13. What is the units digit of y(6)?
1
Suppose -4*k + 66 = 2*b, -5*b + 50 = 5*k - 110. Suppose -6 - 12 = -2*j - 2*t, 4*t - 11 = j. Suppose b - 151 = -j*z. What is the units digit of z?
4
Let p(l) be the third derivative of -l**6/120 - l**5/10 - l**4/8 + l**3/2 - 4*l**2. Let n be p(-5). Let f = n - -11. What is the units digit of f?
4
Let o = 130 - -90. Suppose 2*m + 4*d = -2*m + o, 5*m - 4*d - 275 = 0. What is the tens digit of m?
5
Let u(q) = -q**3 - 4*q**2 + 9*q + 11. Let r be u(-8). Suppose -r*b - 609 = -198*b. What is the units digit of b?
3
Let j = -105 - -399. What is the units digit of j?
4
Let l(q) = 2*q**3 + 38*q**2 - 9. Let g be l(-19). Let m(z) = -z**2 - 12*z - 23. What is the units digit of m(g)?
4
Let i = 39 - -13. Suppose -c = 3*c - i. What is the tens digit of c?
1
Let g(o) = -o**2 + 29*o - 16. Let a be g(17). Let d = 67 + a. What is the tens digit of d?
5
Let d(t) = -t**3 - 5*t**2 - 6*t. Let g be d(-3). Suppose -5*i + 75 = -g*i. What is the tens digit of i?
1
Let b be 4/(-34) + 72/34. Suppose -c = b*c - 6. Suppose 2*y - 5*s - 160 = -3*y, 0 = -2*s - c. What is the units digit of y?
1
Suppose -5*q - 73 = -2*y, q + 2*y + y + 18 = 0. Let g = q + 15. Suppose -34 = -3*h + 4*d, -3*h - h + 5*d + 44 = g. What is the units digit of h?
6
What is the units digit of -7 + 0 + 6 - (-577)/1?
6
Suppose -10*z + 3824 = -4376. What is the units digit of z?
0
Suppose 3 = 3*u, -4*u = -6*s + s - 4. Suppose -d + 2 = -s. Suppose j + 0 - 28 = -h, d*h = 2*j + 36. What is the tens digit of h?
2
Suppose -5*f + 12 = -8*f, d - 5*f + 2 = 0. Let g be (-27)/(-1) - (1 - 2). Let q = g + d. What is the units digit of q?
6
Suppose -620 = -6*p + 1630. What is the tens digit of p?
7
Let x(p) be the third derivative of p**2 + 1/60*p**5 + 0 + 1/2*p**3 + 1/8*p**4 + 0*p. What is the units digit of x(-7)?
1
Let k = 1542 - -372. What is the hundreds digit of k?
9
Suppose -2*u = 2*s - 144, 4*s + 4*u = 2*u + 280. Let v = s + 32. What is the tens digit of v?
0
Let z(n) = n**3 + 12*n**2 + 9*n - 16. Let x be z(-11). Let a = 5 + 0. Suppose a*r - 85 = -5*p, -4*r + 30 - x = 2*p. What is the tens digit of p?
2
Let s(v) = v**2 + 2*v - 1. Let l be s(-3). Suppose 47 + 5 = 2*n. Let u = n - l. What is the units digit of u?
4
Let q = -73 + 77. Suppose -110 = -q*d - 18. What is the units digit of d?
3
Let x = 1140 - 782. What is the tens digit of x?
5
Let b be (-15)/2*(-6)/9. Suppose -b*d + 6 + 74 = 0. Suppose -d - 24 = -2*h. What is the units digit of h?
0
Suppose -2*o = 3*l - 883, o - l = 188 + 246. What is the units digit of o?
7
Suppose -4*s + 0*s = -252. Suppose -s = 5*h - 18. Let i(p) = -p - 5. What is the units digit of i(h)?
4
Suppose 167 = 2*f - 5*j, f - j + 323 = 5*f. What is the units digit of f?
1
Suppose -3*o = -2*k - 22, 6 = 3*o - 3*k - 21. Suppose -o*y + 90 = 6*y. What is the units digit of y?
9
Suppose 3*l - 2949 = -4*c, -4*l = -2*c + c - 3932. What is the tens digit of l?
8
Let l(r) = 152*r + 541. What is the hundreds digit of l(7)?
6
Suppose 3249 + 8350 = 7*g. What is the thousands digit of g?
1
Suppose -35 = -10*w + 25. Let u(p) = 2*p**2 + 8*p - 4. Let o be u(-6). Let n = w + o. What is the units digit of n?
6
Let r = 3 - -2. Suppose 2*q = 5*k - 0*q - 509, r*k - 503 = 4*q. Let w = 144 - k. What is the tens digit of w?
4
Suppose -5*b + 120 = -2*b. Let y(d) = -d**3 - 7*d**2 + 11*d + 15. Let t be y(-8). Let g = b + t. What is the tens digit of g?
3
Suppose 15*l - 12*l - 3*p - 5460 = 0, 0 = l - 3*p - 1818. What is the thousands digit of l?
1
Suppose 0*w + 5*w = -4*o - 7, o - 17 = 5*w. Let s be w - (-3 + -1 + -1). Suppose 16 + 20 = s*m. What is the units digit of m?
8
Suppose 0*h + 5*j = h + 3, h = -4*j + 6. What is the units digit of (-1479)/(-27) + h/9?
5
Let z(o) = 713*o**2 + 14*o + 16. What is the tens digit of z(-1)?
1
Let a(o) = o**3 - 8*o**2 - o + 9. Let m be a(8). Let h be ((-70)/20)/(m/(-2)). Let y(j) = 2*j**2 - 4*j - 4. What is the units digit of y(h)?
6
Suppose -3 + 21 = 6*v. Suppose -4*c - 30 + 126 = -v*n, 3*c + 4*n = 97. What is the units digit of c?
7
Let g be 14/(-77) - 24/(-11). Suppose q + g*a = 86, -3*a = 25 - 10. What is the tens digit of q?
9
Suppose 7*a - 1548 = 3*a. Let u = a - 118. What is the tens digit of u?
6
Let h(v) = v - 43. Let l be h(0). Let b = l - -128. What is the units digit of b?
5
Let v(k) = -537*k - 9. What is the hundreds digit of v(-1)?
5
Suppose 584 = -25*u + 29*u. Let g = u + -81. What is the units digit of g?
5
Suppose 0 = -5*t + 2*k - 30, -35 - 17 = 4*t + 4*k. What is the units digit of (1*2)/((t/170)/(-2))?